ctors of 4338.
2, 3, 241
What are the prime factors of 3442005?
3, 5, 7, 223
What are the prime factors of 313641?
3, 34849
What are the prime factors of 1016796?
2, 3, 11, 7703
List the prime factors of 229021.
13, 79, 223
List the prime factors of 17681.
17681
List the prime factors of 79142.
2, 7, 5653
List the prime factors of 2766524.
2, 691631
List the prime factors of 897766.
2, 448883
List the prime factors of 100328.
2, 12541
List the prime factors of 4019441.
79, 83, 613
List the prime factors of 20404632.
2, 3, 19, 29, 1543
What are the prime factors of 1629252?
2, 3, 167, 271
List the prime factors of 763740.
2, 3, 5, 4243
List the prime factors of 92945.
5, 29, 641
What are the prime factors of 445202?
2, 222601
What are the prime factors of 5624691?
3, 71, 26407
List the prime factors of 3501937.
397, 8821
What are the prime factors of 505991?
53, 9547
List the prime factors of 367766.
2, 7, 109, 241
What are the prime factors of 53794?
2, 13, 2069
What are the prime factors of 4386601?
4386601
What are the prime factors of 146970?
2, 3, 5, 23, 71
List the prime factors of 917598.
2, 3, 11, 13903
List the prime factors of 119759.
119759
What are the prime factors of 323851?
11, 59, 499
What are the prime factors of 543727?
53, 10259
What are the prime factors of 113135?
5, 11, 17
List the prime factors of 236294.
2, 118147
What are the prime factors of 5268906?
2, 3, 292717
List the prime factors of 461640.
2, 3, 5, 3847
What are the prime factors of 6780321?
3, 19, 13217
What are the prime factors of 25010921?
13, 1923917
What are the prime factors of 15288287?
7, 17, 128473
List the prime factors of 10756234.
2, 269, 19993
List the prime factors of 3968720.
2, 5, 7, 19, 373
List the prime factors of 3678074.
2, 367, 5011
List the prime factors of 2108751.
3, 73, 9629
List the prime factors of 9086683.
9086683
List the prime factors of 100956.
2, 3, 47, 179
List the prime factors of 270906.
2, 3, 163, 277
What are the prime factors of 5097643?
19, 268297
What are the prime factors of 16580811?
3, 13, 425149
What are the prime factors of 11031559?
7, 11, 23, 6229
What are the prime factors of 3941978?
2, 173, 11393
What are the prime factors of 1026942?
2, 3, 7, 499
What are the prime factors of 440870?
2, 5, 44087
List the prime factors of 228886.
2, 7, 16349
What are the prime factors of 1018944?
2, 3, 29, 61
What are the prime factors of 14544019?
7, 43, 211, 229
List the prime factors of 83056.
2, 29, 179
List the prime factors of 8418786.
2, 3, 19, 73849
What are the prime factors of 667159?
163, 4093
List the prime factors of 9838173.
3, 3279391
List the prime factors of 483424.
2, 15107
List the prime factors of 1129365.
3, 5, 25097
What are the prime factors of 986059?
401, 2459
List the prime factors of 305180.
2, 5, 15259
List the prime factors of 47596.
2, 73, 163
List the prime factors of 7588487.
53, 67, 2137
List the prime factors of 270571.
7, 38653
List the prime factors of 10497322.
2, 11, 251, 1901
List the prime factors of 958512.
2, 3, 19, 1051
What are the prime factors of 4841432?
2, 607, 997
List the prime factors of 208701.
3, 23189
List the prime factors of 16102845.
3, 5, 11, 32531
What are the prime factors of 7470603?
3, 7, 29, 47
List the prime factors of 12716158.
2, 7, 13, 109, 641
List the prime factors of 24541112.
2, 3067639
What are the prime factors of 206714?
2, 103357
What are the prime factors of 51183?
3, 11, 47
What are the prime factors of 1449745?
5, 11, 43, 613
What are the prime factors of 104849?
104849
List the prime factors of 10857278.
2, 281, 19319
List the prime factors of 391114.
2, 167, 1171
List the prime factors of 117590.
2, 5, 11, 1069
List the prime factors of 2064205.
5, 11, 13, 2887
List the prime factors of 19928933.
2341, 8513
List the prime factors of 1001236.
2, 23, 10883
What are the prime factors of 1099230?
2, 3, 5, 11, 3331
List the prime factors of 348238.
2, 11, 1439
What are the prime factors of 75949?
53, 1433
What are the prime factors of 29901?
3, 9967
What are the prime factors of 3208402?
2, 43, 37307
List the prime factors of 7664460.
2, 3, 5, 139, 919
What are the prime factors of 10565021?
10565021
What are the prime factors of 2557584?
2, 3, 17761
What are the prime factors of 5159423?
31, 149, 1117
What are the prime factors of 1835082?
2, 3, 17, 1999
List the prime factors of 276753.
3, 92251
What are the prime factors of 5602708?
2, 23, 60899
List the prime factors of 8143744.
2, 7, 61, 149
List the prime factors of 1019982.
2, 3, 139, 1223
What are the prime factors of 804602?
2, 37, 83, 131
List the prime factors of 3712023.
3, 7, 58921
What are the prime factors of 2813643?
3, 7, 14887
What are the prime factors of 53802?
2, 3, 7, 61
What are the prime factors of 7902803?
19, 415937
List the prime factors of 35326.
2, 17, 1039
What are the prime factors of 1630259?
31, 43, 1223
List the prime factors of 2091430.
2, 5, 11, 19013
What are the prime factors of 3444485?
5, 11, 62627
What are the prime factors of 1702216?
2, 212777
What are the prime factors of 769484?
2, 47, 4093
What are the prime factors of 1887487?
7, 269641
What are the prime factors of 416841?
3, 19, 71, 103
What are the prime factors of 319650?
2, 3, 5, 2131
List the prime factors of 2458096.
2, 67, 2293
List the prime factors of 726321.
3, 239, 1013
List the prime factors of 7750180.
2, 5, 387509
What are the prime factors of 90662?
2, 11, 13, 317
List the prime factors of 171515.
5, 34303
List the prime factors of 525121.
137, 3833
What are the prime factors of 4180402?
2, 17, 122953
List the prime factors of 24782815.
5, 4956563
List the prime factors of 756625.
5, 6053
List the prime factors of 28757.
149, 193
What are the prime factors of 16233808?
2, 61, 16633
List the prime factors of 8133328.
2, 7, 101, 719
List the prime factors of 4534856.
2, 566857
What are the prime factors of 14062687?
14062687
What are the prime factors of 17466800?
2, 5, 13, 3359
List the prime factors of 1699286.
2, 17, 23, 41, 53
List the prime factors of 3985951.
3985951
List the prime factors of 260802.
2, 3, 14489
List the prime factors of 590651.
113, 5227
What are the prime factors of 20238194?
2, 17, 107, 5563
List the prime factors of 8192916.
2, 3, 227581
What are the prime factors of 1261370?
2, 5, 11, 11467
List the prime factors of 10804987.
1109, 9743
What are the prime factors of 42236263?
127, 332569
What are the prime factors of 650895?
3, 5, 7, 6199
List the prime factors of 5938109.
1601, 3709
What are the prime factors of 313901?
7, 44843
What are the prime factors of 4660938?
2, 3, 29, 8929
List the prime factors of 2474871.
3, 7, 117851
What are the prime factors of 5552015?
5, 7, 41, 53, 73
List the prime factors of 1911088.
2, 31, 3853
List the prime factors of 275116.
2, 109, 631
What are the prime factors of 213336?
2, 3, 2963
What are the prime factors of 2578252?
2, 644563
List the prime factors of 4063488.
2, 3, 11, 13, 37
What are the prime factors of 7546914?
2, 3, 19, 22067
List the prime factors of 2277662.
2, 1138831
What are the prime factors of 516297?
3, 113, 1523
What are the prime factors of 5076515?
5, 19, 53437
What are the prime factors of 10172610?
2, 3, 5, 7, 67, 241
What are the prime factors of 57115?
5, 11423
What are the prime factors of 3612555?
3, 5, 80279
What are the prime factors of 4777812?
2, 3, 13, 41, 83
What are the prime factors of 636302?
2, 71, 4481
What are the prime factors of 221678?
2, 271, 409
What are the prime factors of 1807181?
163, 11087
What are the prime factors of 468269?
197, 2377
List the prime factors of 731125.
5, 5849
List the prime factors of 2005264.
2, 125329
List the prime factors of 1066866.
2, 3, 177811
List the prime factors of 1420933.
1420933
What are the prime factors of 2595753?
3, 127, 757
What are the prime factors of 4619623?
4619623
What are the prime factors of 2596866?
2, 3, 443, 977
List the prime factors of 4276425.
3, 5, 19, 3001
List the prime factors of 440663.
101, 4363
List the prime factors of 56220.
2, 3, 5, 937
List the prime factors of 3794600.
2, 5, 18973
What are the prime factors of 395986?
2, 127, 1559
What are the prime factors of 6462708?
2, 3, 7, 29, 379
What are the prime facto